{"id":1391,"date":"2023-02-04T00:42:37","date_gmt":"2023-02-04T00:42:37","guid":{"rendered":"https:\/\/crnaknjiga.com\/?post_type=organizacije&#038;p=1391"},"modified":"2023-02-04T00:44:28","modified_gmt":"2023-02-04T00:44:28","slug":"medikus","status":"publish","type":"organizacije","link":"https:\/\/crnaknjiga.com\/en\/organizacije\/medikus\/","title":{"rendered":"Medikus"},"content":{"rendered":"<h2><span id=\"Euleksov_proces_protiv_trgovaca_ljudskim_organima\" class=\"mw-headline\">Euleksov proces protiv trgovaca ljudskim organima<\/span><\/h2>\n<p><a class=\"mw-redirect\" title=\"Misija vladavine prava Evropske unije na Kosovu\" href=\"https:\/\/sh.wikipedia.org\/wiki\/Misija_vladavine_prava_Evropske_unije_na_Kosovu\">Euleks<\/a>\u00a0je 4. marta 2011. doneo odluku o pokretanju krivi\u010dnog procesa protiv optu\u017eenih za trgovinu ljudskim organima na Kosovu i Metohiji.<sup id=\"cite_ref-Euleks_otvara_proces_protiv_trgovaca_ljudskim_organima_13-0\" class=\"reference\"><a href=\"https:\/\/sh.wikipedia.org\/wiki\/Trgovina_ljudskim_organima_na_Kosovu#cite_note-Euleks_otvara_proces_protiv_trgovaca_ljudskim_organima-13\">[13]<\/a><\/sup>\u00a0Optu\u017enice su podnete protiv Luftija Dervi\u0161ija, Dritona D\u017eilte, Sokola Hajdinija i Ilira Re\u010daja vezano za njihove aktivnosti u pri\u0161tinskoj klinici \u201eMedikus\u201c.<sup id=\"cite_ref-Euleks_otvara_proces_protiv_trgovaca_ljudskim_organima_13-1\" class=\"reference\"><a href=\"https:\/\/sh.wikipedia.org\/wiki\/Trgovina_ljudskim_organima_na_Kosovu#cite_note-Euleks_otvara_proces_protiv_trgovaca_ljudskim_organima-13\">[13]<\/a><\/sup>\u00a0Me\u0111u osumnji\u010denima su i biv\u0161i sekretar za zdravstvo Re\u010daj koji je protivzakonito izdao licencu pri\u0161tinskoj klinici \u201eMedikus\u201c za transplantaciju ljudskih organa. Jedan od osumnji\u010denih je i Tur\u010din\u00a0<a class=\"new\" title=\"Jusuf Sonmez (stranica ne postoji)\" href=\"https:\/\/sh.wikipedia.org\/w\/index.php?title=Jusuf_Sonmez&amp;action=edit&amp;redlink=1\">Jusuf Sonmez<\/a>.<sup id=\"cite_ref-Euleks_otvara_proces_protiv_trgovaca_ljudskim_organima_13-2\" class=\"reference\"><\/sup><\/p>","protected":false},"featured_media":0,"template":"","class_list":["post-1391","organizacije","type-organizacije","status-publish","hentry"],"acf":[],"_links":{"self":[{"href":"https:\/\/crnaknjiga.com\/en\/wp-json\/wp\/v2\/organizacije\/1391","targetHints":{"allow":["GET"]}}],"collection":[{"href":"https:\/\/crnaknjiga.com\/en\/wp-json\/wp\/v2\/organizacije"}],"about":[{"href":"https:\/\/crnaknjiga.com\/en\/wp-json\/wp\/v2\/types\/organizacije"}],"wp:attachment":[{"href":"https:\/\/crnaknjiga.com\/en\/wp-json\/wp\/v2\/media?parent=1391"}],"curies":[{"name":"wp","href":"https:\/\/api.w.org\/{rel}","templated":true}]}}

<h2><span id="Euleksov_proces_protiv_trgovaca_ljudskim_organima" class="mw-headline">Euleksov proces protiv trgovaca ljudskim organima</span></h2>
<p><a class="mw-redirect" title="Misija vladavine prava Evropske unije na Kosovu" href="https://sh.wikipedia.org/wiki/Misija_vladavine_prava_Evropske_unije_na_Kosovu">Euleks</a> je 4. marta 2011. doneo odluku o pokretanju krivičnog procesa protiv optuženih za trgovinu ljudskim organima na Kosovu i Metohiji.<sup id="cite_ref-Euleks_otvara_proces_protiv_trgovaca_ljudskim_organima_13-0" class="reference"><a href="https://sh.wikipedia.org/wiki/Trgovina_ljudskim_organima_na_Kosovu#cite_note-Euleks_otvara_proces_protiv_trgovaca_ljudskim_organima-13">[13]</a></sup> Optužnice su podnete protiv Luftija Dervišija, Dritona Džilte, Sokola Hajdinija i Ilira Rečaja vezano za njihove aktivnosti u prištinskoj klinici „Medikus“.<sup id="cite_ref-Euleks_otvara_proces_protiv_trgovaca_ljudskim_organima_13-1" class="reference"><a href="https://sh.wikipedia.org/wiki/Trgovina_ljudskim_organima_na_Kosovu#cite_note-Euleks_otvara_proces_protiv_trgovaca_ljudskim_organima-13">[13]</a></sup> Među osumnjičenima su i bivši sekretar za zdravstvo Rečaj koji je protivzakonito izdao licencu prištinskoj klinici „Medikus“ za transplantaciju ljudskih organa. Jedan od osumnjičenih je i Turčin <a class="new" title="Jusuf Sonmez (stranica ne postoji)" href="https://sh.wikipedia.org/w/index.php?title=Jusuf_Sonmez&amp;action=edit&amp;redlink=1">Jusuf Sonmez</a>.<sup id="cite_ref-Euleks_otvara_proces_protiv_trgovaca_ljudskim_organima_13-2" class="reference"></sup></p>
