{"id":42,"date":"2021-09-12T17:49:08","date_gmt":"2021-09-12T17:49:08","guid":{"rendered":"https:\/\/crnaknjiga.com\/?post_type=ljudi&#038;p=42"},"modified":"2025-03-09T18:28:59","modified_gmt":"2025-03-09T18:28:59","slug":"slobodan-milosevic","status":"publish","type":"ljudi","link":"https:\/\/crnaknjiga.com\/en\/ljudi\/slobodan-milosevic\/","title":{"rendered":"Slobodan Milo\u0161evi\u0107"},"content":{"rendered":"<p>Slobodan Milo\u0161evic\u0301<br \/>\n20. avgust 1941 &#8211; 11. mart 2006<\/p>\n<p>je bio jugoslovenski i srpski politi\u010dar koji je bio predsednik Srbije (prvobitno Socijalisti\u010dka Republika Srbija, konstitutivna republika u sastavu Socijalisti\u010dke Federativne Republike Jugoslavije) od 1989. do 1992. i u Saveznoj Republici Jugoslaviji od 1992. do 1997. godine, a predsednik Savezne Republike<\/p>\n<p>Jugoslavije od 1997. do 2000. On je vodio Socijalisti\u010dku partiju Srbije od njenog osnivanja 1990. godine i do\u0161ao na vlast kao predsednik Srbije tokom napora da se reformi\u0161e Ustav Jugoslavije iz 1974. kao odgovor na navodna marginalizacija Srbije, stavovi da su autonomne pokrajine Srbije imale previ\u0161e moc\u0301i, \u010dinec\u0301i ih gotovo nezavisnim od Srbije, i tvrdnje o politi\u010dkoj nesposobnosti da odvrate nerede albanskih separatista u autonomnoj pokrajini Srbiji na Kosovu. [potreban citat]<\/p>\n<p>Milo\u0161evic\u0301evo predsedavanje Srbijom i Saveznom Republikom Jugoslavijom obele\u017eeno je sa nekoliko velikih reformi ustava Srbije od osamdesetih do devedesetih koje su smanjile ovla\u0161c\u0301enja autonomnih pokrajina Srbije. Srbija je 1990. pre\u0161la iz titoisti\u010dkog jednopartijskog u vi\u0161epartijski sistem i poku\u0161ala da izvr\u0161i reforme jugoslovenskog Ustava iz 1974. godine. Konstitutivne republike zemlje podelile su se usred izbijanja ratova, a biv\u0161e jugoslovenske republike Srbija i Crna Gora osnovale su Saveznu Republiku Jugoslaviju. Milo\u0161evic\u0301 je u ime bosanskih Srba pregovarao o Dejtonskom sporazumu, kojim je okon\u010dan Bosanski rat 1995. godine.<\/p>\n<p>Tokom NATO bombardovanja Jugoslavije 1999. godine, Milo\u0161evic\u0301a je Me\u0111unarodni krivi\u010dni sud za biv\u0161u Jugoslaviju (ICTI) teretio za ratne zlo\u010dine u vezi sa Bosanskim ratom, Hrvatskim ratom za nezavisnost i Kosovskim ratom. [1] Postao je prvi sada\u0161nji \u0161ef dr\u017eave optu\u017een za ratne zlo\u010dine. [2] Tokom devedesetih godina pro\u0161log veka odr\u017eani su brojni antivladini i antiratni protesti. Procenjuje se da je izme\u0111u 50.000 i 200.000 ljudi napustilo Jugoslovensku narodnu armiju pod kontrolom Milo\u0161evic\u0301a, dok je izme\u0111u 100.000 i 150.000 ljudi emigriralo iz Srbije, odbiv\u0161i da u\u010destvuju u ratovima.<\/p>\n<p>Milo\u0161evic\u0301 je podneo ostavku na mesto jugoslovenskog predsednika usred demonstracija nakon spornih predsedni\u010dkih izbora 24. septembra 2000., a jugoslovenske savezne vlasti su ga uhapsile 31. marta 2001. zbog sumnje u korupciju, zloupotrebu ovla\u0161c\u0301enja i proneveru. [3] [4] Po\u010detna istraga protiv Milo\u0161evic\u0301a je posustala zbog nedostatka dokaza, \u0161to je navelo srpskog premijera Zorana \u0110in\u0111ic\u0301a da ga izru\u010di MKSJ -u radi su\u0111enja za ratne zlo\u010dine. [5] Na po\u010detku su\u0111enja, Milo\u0161evic\u0301 je osudio Tribunal kao nezakonit jer nije osnovan uz saglasnost Generalne skup\u0161tine Ujedinjenih nacija; stoga je odbio da imenuje branioca za svoju odbranu. [6] Milo\u0161evic\u0301 je vodio svoju odbranu na petogodi\u0161njem su\u0111enju, koje je okon\u010dano bez presude kada je umro u svojoj zatvorskoj c\u0301eliji u Hagu 11. marta 2006. Milo\u0161evic\u0301 je patio od sr\u010danih oboljenja i hipertenzije, a umro je od sr\u010danog udara. [7] [8] Tribunal je porekao bilo kakvu odgovornost za Milo\u0161evic\u0301evu smrt i rekao da je odbio da uzme propisane lekove i umesto toga se sam le\u010dio. [7]<\/p>\n<p>Nakon Milo\u0161evic\u0301eve smrti, MKSJ i Me\u0111unarodni rezidualni mehanizam za krivi\u010dne sudove utvrdili su da je on bio dio udru\u017eenog zlo\u010dina\u010dkog poduhvata za uklanjanje Hrvata i Bo\u0161njaka iz velikih dijelova Hrvatske i Bosne i Hercegovine. Me\u0111unarodni sud pravde (MSP) je odvojeno zaklju\u010dio u predmetu genocida u Bosni da nema dokaza koji ga povezuju sa genocidom koji su po\u010dinile snage bosanskih Srba tokom rata u Bosni. Me\u0111utim, Sud je utvrdio da su Milo\u0161evic\u0301 i drugi u Srbiji prekr\u0161ili Konvenciju o genocidu time \u0161to nisu spre\u010dili da se genocid dogodi, nesaradnjom sa Ha\u0161kim tribunalom u ka\u017enjavanju njegovih po\u010dinilaca, posebno generala Ratka Mladic\u0301a, i kr\u0161ec\u0301i njenu obavezu uz privremene mere koje je Sud nalo\u017eio. [9] [10] Milo\u0161evic\u0301eva vladavina je opisana kao autoritarna ili autokratska, kao i kleptokratska, sa brojnim optu\u017ebama za izborne prevare, politi\u010dka ubistva, suzbijanje slobode \u0161tampe i policijsku brutalnost. [11] [12] [13] [14]<\/p>\n<p>[rank_math_rich_snippet id=&#8220;s-61521e305f808&#8243;]<\/p>\n<p><img fetchpriority=\"high\" decoding=\"async\" class=\"alignnone size-medium wp-image-2512\" src=\"https:\/\/crnaknjiga.com\/wp-content\/uploads\/2021\/09\/Glnk7qDWkAAeasc-206x300.jpeg\" alt=\"\" width=\"206\" height=\"300\" srcset=\"https:\/\/crnaknjiga.com\/wp-content\/uploads\/2021\/09\/Glnk7qDWkAAeasc-206x300.jpeg 206w, https:\/\/crnaknjiga.com\/wp-content\/uploads\/2021\/09\/Glnk7qDWkAAeasc-8x12.jpeg 8w, https:\/\/crnaknjiga.com\/wp-content\/uploads\/2021\/09\/Glnk7qDWkAAeasc-150x218.jpeg 150w, https:\/\/crnaknjiga.com\/wp-content\/uploads\/2021\/09\/Glnk7qDWkAAeasc.jpeg 640w\" sizes=\"(max-width: 206px) 100vw, 206px\" \/><\/p>","protected":false},"excerpt":{"rendered":"<p>Slobodan Milo\u0161evic\u0301 20. avgust 1941 &#8211; 11. mart 2006 je bio jugoslovenski i srpski politi\u010dar koji je bio predsednik Srbije (prvobitno Socijalisti\u010dka Republika Srbija, konstitutivna republika u sastavu Socijalisti\u010dke Federativne Republike Jugoslavije) od 1989. do 1992. i u Saveznoj Republici Jugoslaviji od 1992. do 1997. godine, a predsednik Savezne Republike Jugoslavije od 1997. do 2000. [&hellip;]<\/p>","protected":false},"author":1,"featured_media":114,"menu_order":0,"comment_status":"open","ping_status":"closed","template":"","format":"standard","meta":{"_acf_changed":false,"footnotes":""},"categories":[209],"tags":[],"class_list":["post-42","ljudi","type-ljudi","status-publish","format-standard","has-post-thumbnail","hentry","category-socijalisticka-partija-srbije"],"acf":{"datum_rodjenja":null,"organizacija":"","nadimak":""},"_links":{"self":[{"href":"https:\/\/crnaknjiga.com\/en\/wp-json\/wp\/v2\/ljudi\/42","targetHints":{"allow":["GET"]}}],"collection":[{"href":"https:\/\/crnaknjiga.com\/en\/wp-json\/wp\/v2\/ljudi"}],"about":[{"href":"https:\/\/crnaknjiga.com\/en\/wp-json\/wp\/v2\/types\/ljudi"}],"author":[{"embeddable":true,"href":"https:\/\/crnaknjiga.com\/en\/wp-json\/wp\/v2\/users\/1"}],"replies":[{"embeddable":true,"href":"https:\/\/crnaknjiga.com\/en\/wp-json\/wp\/v2\/comments?post=42"}],"version-history":[{"count":12,"href":"https:\/\/crnaknjiga.com\/en\/wp-json\/wp\/v2\/ljudi\/42\/revisions"}],"predecessor-version":[{"id":2514,"href":"https:\/\/crnaknjiga.com\/en\/wp-json\/wp\/v2\/ljudi\/42\/revisions\/2514"}],"wp:featuredmedia":[{"embeddable":true,"href":"https:\/\/crnaknjiga.com\/en\/wp-json\/wp\/v2\/media\/114"}],"wp:attachment":[{"href":"https:\/\/crnaknjiga.com\/en\/wp-json\/wp\/v2\/media?parent=42"}],"wp:term":[{"taxonomy":"category","embeddable":true,"href":"https:\/\/crnaknjiga.com\/en\/wp-json\/wp\/v2\/categories?post=42"},{"taxonomy":"post_tag","embeddable":true,"href":"https:\/\/crnaknjiga.com\/en\/wp-json\/wp\/v2\/tags?post=42"}],"curies":[{"name":"wp","href":"https:\/\/api.w.org\/{rel}","templated":true}]}}

Slobodan Milošević

<p>Slobodan Milošević<br />
20. avgust 1941 &#8211; 11. mart 2006</p>
<p>je bio jugoslovenski i srpski političar koji je bio predsednik Srbije (prvobitno Socijalistička Republika Srbija, konstitutivna republika u sastavu Socijalističke Federativne Republike Jugoslavije) od 1989. do 1992. i u Saveznoj Republici Jugoslaviji od 1992. do 1997. godine, a predsednik Savezne Republike</p>
<p>Jugoslavije od 1997. do 2000. On je vodio Socijalističku partiju Srbije od njenog osnivanja 1990. godine i došao na vlast kao predsednik Srbije tokom napora da se reformiše Ustav Jugoslavije iz 1974. kao odgovor na navodna marginalizacija Srbije, stavovi da su autonomne pokrajine Srbije imale previše moći, čineći ih gotovo nezavisnim od Srbije, i tvrdnje o političkoj nesposobnosti da odvrate nerede albanskih separatista u autonomnoj pokrajini Srbiji na Kosovu. [potreban citat]</p>
<p>Miloševićevo predsedavanje Srbijom i Saveznom Republikom Jugoslavijom obeleženo je sa nekoliko velikih reformi ustava Srbije od osamdesetih do devedesetih koje su smanjile ovlašćenja autonomnih pokrajina Srbije. Srbija je 1990. prešla iz titoističkog jednopartijskog u višepartijski sistem i pokušala da izvrši reforme jugoslovenskog Ustava iz 1974. godine. Konstitutivne republike zemlje podelile su se usred izbijanja ratova, a bivše jugoslovenske republike Srbija i Crna Gora osnovale su Saveznu Republiku Jugoslaviju. Milošević je u ime bosanskih Srba pregovarao o Dejtonskom sporazumu, kojim je okončan Bosanski rat 1995. godine.</p>
<p>Tokom NATO bombardovanja Jugoslavije 1999. godine, Miloševića je Međunarodni krivični sud za bivšu Jugoslaviju (ICTI) teretio za ratne zločine u vezi sa Bosanskim ratom, Hrvatskim ratom za nezavisnost i Kosovskim ratom. [1] Postao je prvi sadašnji šef države optužen za ratne zločine. [2] Tokom devedesetih godina prošlog veka održani su brojni antivladini i antiratni protesti. Procenjuje se da je između 50.000 i 200.000 ljudi napustilo Jugoslovensku narodnu armiju pod kontrolom Miloševića, dok je između 100.000 i 150.000 ljudi emigriralo iz Srbije, odbivši da učestvuju u ratovima.</p>
<p>Milošević je podneo ostavku na mesto jugoslovenskog predsednika usred demonstracija nakon spornih predsedničkih izbora 24. septembra 2000., a jugoslovenske savezne vlasti su ga uhapsile 31. marta 2001. zbog sumnje u korupciju, zloupotrebu ovlašćenja i proneveru. [3] [4] Početna istraga protiv Miloševića je posustala zbog nedostatka dokaza, što je navelo srpskog premijera Zorana Đinđića da ga izruči MKSJ -u radi suđenja za ratne zločine. [5] Na početku suđenja, Milošević je osudio Tribunal kao nezakonit jer nije osnovan uz saglasnost Generalne skupštine Ujedinjenih nacija; stoga je odbio da imenuje branioca za svoju odbranu. [6] Milošević je vodio svoju odbranu na petogodišnjem suđenju, koje je okončano bez presude kada je umro u svojoj zatvorskoj ćeliji u Hagu 11. marta 2006. Milošević je patio od srčanih oboljenja i hipertenzije, a umro je od srčanog udara. [7] [8] Tribunal je porekao bilo kakvu odgovornost za Miloševićevu smrt i rekao da je odbio da uzme propisane lekove i umesto toga se sam lečio. [7]</p>
<p>Nakon Miloševićeve smrti, MKSJ i Međunarodni rezidualni mehanizam za krivične sudove utvrdili su da je on bio dio udruženog zločinačkog poduhvata za uklanjanje Hrvata i Bošnjaka iz velikih dijelova Hrvatske i Bosne i Hercegovine. Međunarodni sud pravde (MSP) je odvojeno zaključio u predmetu genocida u Bosni da nema dokaza koji ga povezuju sa genocidom koji su počinile snage bosanskih Srba tokom rata u Bosni. Međutim, Sud je utvrdio da su Milošević i drugi u Srbiji prekršili Konvenciju o genocidu time što nisu sprečili da se genocid dogodi, nesaradnjom sa Haškim tribunalom u kažnjavanju njegovih počinilaca, posebno generala Ratka Mladića, i kršeći njenu obavezu uz privremene mere koje je Sud naložio. [9] [10] Miloševićeva vladavina je opisana kao autoritarna ili autokratska, kao i kleptokratska, sa brojnim optužbama za izborne prevare, politička ubistva, suzbijanje slobode štampe i policijsku brutalnost. [11] [12] [13] [14]</p>
<p>[rank_math_rich_snippet id=&#8220;s-61521e305f808&#8243;]</p>
<p><img fetchpriority="high" decoding="async" class="alignnone size-medium wp-image-2512" src="https://crnaknjiga.com/wp-content/uploads/2021/09/Glnk7qDWkAAeasc-206x300.jpeg" alt="" width="206" height="300" srcset="https://crnaknjiga.com/wp-content/uploads/2021/09/Glnk7qDWkAAeasc-206x300.jpeg 206w, https://crnaknjiga.com/wp-content/uploads/2021/09/Glnk7qDWkAAeasc-8x12.jpeg 8w, https://crnaknjiga.com/wp-content/uploads/2021/09/Glnk7qDWkAAeasc-150x218.jpeg 150w, https://crnaknjiga.com/wp-content/uploads/2021/09/Glnk7qDWkAAeasc.jpeg 640w" sizes="(max-width: 206px) 100vw, 206px" /></p>

<p>Slobodan Milošević 20. avgust 1941 &#8211; 11. mart 2006 je bio jugoslovenski i srpski političar koji je bio predsednik Srbije (prvobitno Socijalistička Republika Srbija, konstitutivna republika u sastavu Socijalističke Federativne Republike Jugoslavije) od 1989. do 1992. i u Saveznoj Republici Jugoslaviji od 1992. do 1997. godine, a predsednik Savezne Republike Jugoslavije od 1997. do 2000. [&hellip;]</p>
