{"id":2062,"date":"2024-11-27T20:09:37","date_gmt":"2024-11-27T20:09:37","guid":{"rendered":"https:\/\/crnaknjiga.com\/?post_type=ljudi&#038;p=2062"},"modified":"2025-05-01T21:30:08","modified_gmt":"2025-05-01T21:30:08","slug":"milijan-vracevic","status":"publish","type":"ljudi","link":"https:\/\/crnaknjiga.com\/en\/ljudi\/milijan-vracevic\/","title":{"rendered":"Milijan Vra\u010devi\u0107"},"content":{"rendered":"<blockquote class=\"twitter-tweet\">\n<p dir=\"ltr\" lang=\"und\">Prema informacijama koje smo dobili, jedan od koordinatora organizovanog uvoza glasa\u010da kod Arene bio je i Pinkov &#8222;zadrugar&#8220;, voza\u010d i menad\u017eer peva\u010da Darka Lazi\u0107a, Miljan Vra\u010devi\u0107. <a href=\"https:\/\/t.co\/pBFvEsODte\">pic.twitter.com\/pBFvEsODte<\/a><\/p>\n<p>\u2014 Stranka slobode i pravde &#8211; Beograd (@ssp_beograd) <a href=\"https:\/\/twitter.com\/ssp_beograd\/status\/1738500634889032143?ref_src=twsrc%5Etfw\">December 23, 2023<\/a><\/p><\/blockquote>\n<p>&nbsp;<\/p>","protected":false},"excerpt":{"rendered":"<p>Prema informacijama koje smo dobili, jedan od koordinatora organizovanog uvoza glasa\u010da kod Arene bio je i Pinkov &#8222;zadrugar&#8220;, voza\u010d i menad\u017eer peva\u010da Darka Lazi\u0107a, Miljan Vra\u010devi\u0107. pic.twitter.com\/pBFvEsODte \u2014 Stranka slobode i pravde &#8211; Beograd (@ssp_beograd) December 23, 2023 &nbsp;<\/p>","protected":false},"author":1,"featured_media":2065,"menu_order":0,"comment_status":"open","ping_status":"closed","template":"","format":"standard","meta":{"_acf_changed":false,"footnotes":""},"categories":[163],"tags":[],"class_list":["post-2062","ljudi","type-ljudi","status-publish","format-standard","has-post-thumbnail","hentry","category-srpska-napredna-stranka"],"acf":{"datum_rodjenja":null,"organizacija":"","nadimak":""},"_links":{"self":[{"href":"https:\/\/crnaknjiga.com\/en\/wp-json\/wp\/v2\/ljudi\/2062","targetHints":{"allow":["GET"]}}],"collection":[{"href":"https:\/\/crnaknjiga.com\/en\/wp-json\/wp\/v2\/ljudi"}],"about":[{"href":"https:\/\/crnaknjiga.com\/en\/wp-json\/wp\/v2\/types\/ljudi"}],"author":[{"embeddable":true,"href":"https:\/\/crnaknjiga.com\/en\/wp-json\/wp\/v2\/users\/1"}],"replies":[{"embeddable":true,"href":"https:\/\/crnaknjiga.com\/en\/wp-json\/wp\/v2\/comments?post=2062"}],"version-history":[{"count":4,"href":"https:\/\/crnaknjiga.com\/en\/wp-json\/wp\/v2\/ljudi\/2062\/revisions"}],"predecessor-version":[{"id":2654,"href":"https:\/\/crnaknjiga.com\/en\/wp-json\/wp\/v2\/ljudi\/2062\/revisions\/2654"}],"wp:featuredmedia":[{"embeddable":true,"href":"https:\/\/crnaknjiga.com\/en\/wp-json\/wp\/v2\/media\/2065"}],"wp:attachment":[{"href":"https:\/\/crnaknjiga.com\/en\/wp-json\/wp\/v2\/media?parent=2062"}],"wp:term":[{"taxonomy":"category","embeddable":true,"href":"https:\/\/crnaknjiga.com\/en\/wp-json\/wp\/v2\/categories?post=2062"},{"taxonomy":"post_tag","embeddable":true,"href":"https:\/\/crnaknjiga.com\/en\/wp-json\/wp\/v2\/tags?post=2062"}],"curies":[{"name":"wp","href":"https:\/\/api.w.org\/{rel}","templated":true}]}}

Milijan Vračević

<blockquote class="twitter-tweet">
<p dir="ltr" lang="und">Prema informacijama koje smo dobili, jedan od koordinatora organizovanog uvoza glasača kod Arene bio je i Pinkov &#8222;zadrugar&#8220;, vozač i menadžer pevača Darka Lazića, Miljan Vračević. <a href="https://t.co/pBFvEsODte">pic.twitter.com/pBFvEsODte</a></p>
<p>— Stranka slobode i pravde &#8211; Beograd (@ssp_beograd) <a href="https://twitter.com/ssp_beograd/status/1738500634889032143?ref_src=twsrc%5Etfw">December 23, 2023</a></p></blockquote>
<p>&nbsp;</p>

<p>Prema informacijama koje smo dobili, jedan od koordinatora organizovanog uvoza glasača kod Arene bio je i Pinkov &#8222;zadrugar&#8220;, vozač i menadžer pevača Darka Lazića, Miljan Vračević. pic.twitter.com/pBFvEsODte — Stranka slobode i pravde &#8211; Beograd (@ssp_beograd) December 23, 2023 &nbsp;</p>
