{"id":125,"date":"2021-09-27T20:23:55","date_gmt":"2021-09-27T20:23:55","guid":{"rendered":"https:\/\/crnaknjiga.com\/?post_type=ljudi&#038;p=125"},"modified":"2021-09-27T21:38:48","modified_gmt":"2021-09-27T21:38:48","slug":"vojislav-seselj","status":"publish","type":"ljudi","link":"https:\/\/crnaknjiga.com\/en\/ljudi\/vojislav-seselj\/","title":{"rendered":"Vojislav \u0160e\u0161elj"},"content":{"rendered":"<p>Vojislav \u0160e\u0161elj (srpska c\u0301irilica: Vojislav \u0160e\u0161elj, izgovara se [\u028bojisla\u028b \u0283e\u0283e\u028e]; ro\u0111en 11. oktobra 1954.) je srpski politi\u010dar, osniva\u010d i predsednik krajnje desne Srpske radikalne stranke (SRS); Me\u0111unarodni krivi\u010dni sud za biv\u0161u Jugoslaviju (ICTI) ga je osudio za ratne zlo\u010dine. Izme\u0111u 1998. i 2000. bio je potpredsednik Vlade Srbije.<\/p>\n<p>On se dobrovoljno predao MKSJ -u u februaru 2003. godine, ali mu je su\u0111enje po\u010delo tek u novembru 2007. [1] \u0160e\u0161eljevo su\u0111enje bilo je pro\u017eeto kontroverzama: \u0161trajkovao je gla\u0111u skoro mesec dana dok mu kona\u010dno nije bilo dozvoljeno da se sam zastupa, redovno je vre\u0111ao sudije i tu\u017eioce po zapo\u010dinjanju postupka, otkrivao identitete za\u0161tic\u0301enih svedoka i bio ka\u017enjen u tri navrata zbog nepo\u0161tovanja sud. On nije pozvao nijednog svedoka u svoju odbranu.<\/p>\n<p>Nakon \u0161to je tokom su\u0111enja proveo 11 godina i 9 meseci u pritvoru u Pritvorskoj jedinici Ujedinjenih nacija u Scheveningenu, \u0160e\u0161elju je dozvoljeno da se privremeno vrati u Srbiju u novembru 2014. godine na le\u010denje od raka. [2] On je predvodio SRS na izborima 2016. godine, a njegova stranka osvojila je 23 mesta u parlamentu.<\/p>\n<p>Dana 31. marta 2016. MKSJ ga je prvostepenom presudom po svim ta\u010dkama oslobodio. [3] Na osloba\u0111ajuc\u0301u presudu \u017ealili su se tu\u017eioci iz MICT -a, agencije Saveta bezbednosti Ujedinjenih nacija koja funkcioni\u0161e kao program nadzora i entitet naslednik MKSJ -a. \u017dalbeno vec\u0301e je 11. aprila 2018. delimi\u010dno preina\u010dilo prvostepenu presudu, progla\u0161avajuc\u0301i \u0160e\u0161elja krivim za zlo\u010dine protiv \u010dove\u010dnosti zbog njegove uloge u podsticanju deportacije Hrvata iz Hrtkovaca. Progla\u0161en je nevinim po preostalim ta\u010dkama optu\u017enice, uklju\u010dujuc\u0301i sve ratne zlo\u010dine i zlo\u010dine protiv \u010dovje\u010dnosti za koje se tvrdi da ih je po\u010dinio u Hrvatskoj i Bosni. \u0160e\u0161elj je osu\u0111en na 10 godina zatvora, ali zbog vremena koje je vec\u0301 proveo u pritvoru MKSJ -a, nije morao da se vrati u zatvor.<\/p>","protected":false},"excerpt":{"rendered":"<p>Vojislav \u0160e\u0161elj (srpska c\u0301irilica: Vojislav \u0160e\u0161elj, izgovara se [\u028bojisla\u028b \u0283e\u0283e\u028e]; ro\u0111en 11. oktobra 1954.) je srpski politi\u010dar, osniva\u010d i predsednik krajnje desne Srpske radikalne stranke (SRS); Me\u0111unarodni krivi\u010dni sud za biv\u0161u Jugoslaviju (ICTI) ga je osudio za ratne zlo\u010dine. Izme\u0111u 1998. i 2000. bio je potpredsednik Vlade Srbije. On se dobrovoljno predao MKSJ -u u [&hellip;]<\/p>","protected":false},"author":1,"featured_media":136,"menu_order":0,"comment_status":"open","ping_status":"closed","template":"","format":"standard","meta":{"_acf_changed":false,"footnotes":""},"categories":[],"tags":[],"class_list":["post-125","ljudi","type-ljudi","status-publish","format-standard","has-post-thumbnail","hentry"],"acf":{"datum_rodjenja":null,"organizacija":"","nadimak":""},"_links":{"self":[{"href":"https:\/\/crnaknjiga.com\/en\/wp-json\/wp\/v2\/ljudi\/125","targetHints":{"allow":["GET"]}}],"collection":[{"href":"https:\/\/crnaknjiga.com\/en\/wp-json\/wp\/v2\/ljudi"}],"about":[{"href":"https:\/\/crnaknjiga.com\/en\/wp-json\/wp\/v2\/types\/ljudi"}],"author":[{"embeddable":true,"href":"https:\/\/crnaknjiga.com\/en\/wp-json\/wp\/v2\/users\/1"}],"replies":[{"embeddable":true,"href":"https:\/\/crnaknjiga.com\/en\/wp-json\/wp\/v2\/comments?post=125"}],"version-history":[{"count":1,"href":"https:\/\/crnaknjiga.com\/en\/wp-json\/wp\/v2\/ljudi\/125\/revisions"}],"predecessor-version":[{"id":126,"href":"https:\/\/crnaknjiga.com\/en\/wp-json\/wp\/v2\/ljudi\/125\/revisions\/126"}],"wp:featuredmedia":[{"embeddable":true,"href":"https:\/\/crnaknjiga.com\/en\/wp-json\/wp\/v2\/media\/136"}],"wp:attachment":[{"href":"https:\/\/crnaknjiga.com\/en\/wp-json\/wp\/v2\/media?parent=125"}],"wp:term":[{"taxonomy":"category","embeddable":true,"href":"https:\/\/crnaknjiga.com\/en\/wp-json\/wp\/v2\/categories?post=125"},{"taxonomy":"post_tag","embeddable":true,"href":"https:\/\/crnaknjiga.com\/en\/wp-json\/wp\/v2\/tags?post=125"}],"curies":[{"name":"wp","href":"https:\/\/api.w.org\/{rel}","templated":true}]}}

Vojislav Šešelj

<p>Vojislav Šešelj (srpska ćirilica: Vojislav Šešelj, izgovara se [ʋojislaʋ ʃeʃeʎ]; rođen 11. oktobra 1954.) je srpski političar, osnivač i predsednik krajnje desne Srpske radikalne stranke (SRS); Međunarodni krivični sud za bivšu Jugoslaviju (ICTI) ga je osudio za ratne zločine. Između 1998. i 2000. bio je potpredsednik Vlade Srbije.</p>
<p>On se dobrovoljno predao MKSJ -u u februaru 2003. godine, ali mu je suđenje počelo tek u novembru 2007. [1] Šešeljevo suđenje bilo je prožeto kontroverzama: štrajkovao je glađu skoro mesec dana dok mu konačno nije bilo dozvoljeno da se sam zastupa, redovno je vređao sudije i tužioce po započinjanju postupka, otkrivao identitete zaštićenih svedoka i bio kažnjen u tri navrata zbog nepoštovanja sud. On nije pozvao nijednog svedoka u svoju odbranu.</p>
<p>Nakon što je tokom suđenja proveo 11 godina i 9 meseci u pritvoru u Pritvorskoj jedinici Ujedinjenih nacija u Scheveningenu, Šešelju je dozvoljeno da se privremeno vrati u Srbiju u novembru 2014. godine na lečenje od raka. [2] On je predvodio SRS na izborima 2016. godine, a njegova stranka osvojila je 23 mesta u parlamentu.</p>
<p>Dana 31. marta 2016. MKSJ ga je prvostepenom presudom po svim tačkama oslobodio. [3] Na oslobađajuću presudu žalili su se tužioci iz MICT -a, agencije Saveta bezbednosti Ujedinjenih nacija koja funkcioniše kao program nadzora i entitet naslednik MKSJ -a. Žalbeno veće je 11. aprila 2018. delimično preinačilo prvostepenu presudu, proglašavajući Šešelja krivim za zločine protiv čovečnosti zbog njegove uloge u podsticanju deportacije Hrvata iz Hrtkovaca. Proglašen je nevinim po preostalim tačkama optužnice, uključujući sve ratne zločine i zločine protiv čovječnosti za koje se tvrdi da ih je počinio u Hrvatskoj i Bosni. Šešelj je osuđen na 10 godina zatvora, ali zbog vremena koje je već proveo u pritvoru MKSJ -a, nije morao da se vrati u zatvor.</p>

<p>Vojislav Šešelj (srpska ćirilica: Vojislav Šešelj, izgovara se [ʋojislaʋ ʃeʃeʎ]; rođen 11. oktobra 1954.) je srpski političar, osnivač i predsednik krajnje desne Srpske radikalne stranke (SRS); Međunarodni krivični sud za bivšu Jugoslaviju (ICTI) ga je osudio za ratne zločine. Između 1998. i 2000. bio je potpredsednik Vlade Srbije. On se dobrovoljno predao MKSJ -u u [&hellip;]</p>
