{"id":1719,"date":"2024-03-05T22:23:45","date_gmt":"2024-03-05T22:23:45","guid":{"rendered":"https:\/\/crnaknjiga.com\/?post_type=afere&#038;p=1719"},"modified":"2024-12-02T04:28:02","modified_gmt":"2024-12-02T04:28:02","slug":"afera-banjska","status":"publish","type":"afere","link":"https:\/\/crnaknjiga.com\/en\/afere\/afera-banjska\/","title":{"rendered":"Afera &#8222;Banjska&#8220;"},"content":{"rendered":"<p>Afera Banjska je doga\u0111aj koji se odigrao u septembru 2023. godine u selu Banjska, na severu Kosova. Ova afera je privukla veliku pa\u017enju javnosti i me\u0111unarodnih medija zbog nasilja koje je izbio izme\u0111u naoru\u017eanih grupa Srba i kosovske policije.<\/p>\n<p>Sve je po\u010delo kada je grupa naoru\u017eanih Srba blokirala put i postavila barikade u selu Banjska, \u0161to je dovelo do sukoba sa kosovskom policijom. U sukobu je poginuo jedan pripadnik kosovske policije, a nekoliko njih je ranjeno. Nakon toga, usledila je akcija kosovskih snaga bezbednosti koja je rezultirala smr\u0107u nekoliko \u010dlanova naoru\u017eane grupe, dok je nekoliko njih uhap\u0161eno.<\/p>\n<p>Incident je izazvao o\u0161tre reakcije i osude s obe strane. Vlada Kosova je optu\u017eila Srbiju za ume\u0161anost i podr\u0161ku naoru\u017eanim grupama, dok je Srbija negirala te optu\u017ebe i optu\u017eila kosovske vlasti za nasilje nad srpskim stanovni\u0161tvom na severu Kosova.<\/p>\n<p>Me\u0111unarodna zajednica, uklju\u010duju\u0107i Evropsku uniju i Sjedinjene Ameri\u010dke Dr\u017eave, pozvala je na smirivanje tenzija i na hitno uspostavljanje dijaloga izme\u0111u Beograda i Pri\u0161tine. Evropska unija je izrazila zabrinutost zbog eskalacije nasilja i zatra\u017eila od obe strane da se uzdr\u017ee od provokacija i nasilja.<\/p>\n<p>Afera Banjska dodatno je zakomplikovala odnose izme\u0111u Srbije i Kosova, koji su i ina\u010de napeti ve\u0107 dugi niz godina. Dijalog izme\u0111u dve strane, koji se vodi uz posredovanje Evropske unije, \u010desto je nailazio na prepreke i zastoje, a ovaj incident je jo\u0161 jednom pokazao koliko su krhki mir i stabilnost u ovom delu Balkana.<\/p>\n<p>Ova afera naglasila je potrebu za intenzivnijim diplomatskim naporima i podr\u0161kom me\u0111unarodne zajednice u cilju postizanja trajnog re\u0161enja koje \u0107e osigurati mir i stabilnost za sve gra\u0111ane Kosova i Srbije.<\/p>","protected":false},"featured_media":2151,"template":"","class_list":["post-1719","afere","type-afere","status-publish","has-post-thumbnail","hentry"],"acf":[],"_links":{"self":[{"href":"https:\/\/crnaknjiga.com\/en\/wp-json\/wp\/v2\/afere\/1719","targetHints":{"allow":["GET"]}}],"collection":[{"href":"https:\/\/crnaknjiga.com\/en\/wp-json\/wp\/v2\/afere"}],"about":[{"href":"https:\/\/crnaknjiga.com\/en\/wp-json\/wp\/v2\/types\/afere"}],"wp:featuredmedia":[{"embeddable":true,"href":"https:\/\/crnaknjiga.com\/en\/wp-json\/wp\/v2\/media\/2151"}],"wp:attachment":[{"href":"https:\/\/crnaknjiga.com\/en\/wp-json\/wp\/v2\/media?parent=1719"}],"curies":[{"name":"wp","href":"https:\/\/api.w.org\/{rel}","templated":true}]}}

<p>Afera Banjska je događaj koji se odigrao u septembru 2023. godine u selu Banjska, na severu Kosova. Ova afera je privukla veliku pažnju javnosti i međunarodnih medija zbog nasilja koje je izbio između naoružanih grupa Srba i kosovske policije.</p>
<p>Sve je počelo kada je grupa naoružanih Srba blokirala put i postavila barikade u selu Banjska, što je dovelo do sukoba sa kosovskom policijom. U sukobu je poginuo jedan pripadnik kosovske policije, a nekoliko njih je ranjeno. Nakon toga, usledila je akcija kosovskih snaga bezbednosti koja je rezultirala smrću nekoliko članova naoružane grupe, dok je nekoliko njih uhapšeno.</p>
<p>Incident je izazvao oštre reakcije i osude s obe strane. Vlada Kosova je optužila Srbiju za umešanost i podršku naoružanim grupama, dok je Srbija negirala te optužbe i optužila kosovske vlasti za nasilje nad srpskim stanovništvom na severu Kosova.</p>
<p>Međunarodna zajednica, uključujući Evropsku uniju i Sjedinjene Američke Države, pozvala je na smirivanje tenzija i na hitno uspostavljanje dijaloga između Beograda i Prištine. Evropska unija je izrazila zabrinutost zbog eskalacije nasilja i zatražila od obe strane da se uzdrže od provokacija i nasilja.</p>
<p>Afera Banjska dodatno je zakomplikovala odnose između Srbije i Kosova, koji su i inače napeti već dugi niz godina. Dijalog između dve strane, koji se vodi uz posredovanje Evropske unije, često je nailazio na prepreke i zastoje, a ovaj incident je još jednom pokazao koliko su krhki mir i stabilnost u ovom delu Balkana.</p>
<p>Ova afera naglasila je potrebu za intenzivnijim diplomatskim naporima i podrškom međunarodne zajednice u cilju postizanja trajnog rešenja koje će osigurati mir i stabilnost za sve građane Kosova i Srbije.</p>
