{"id":1282,"date":"2022-12-12T06:17:06","date_gmt":"2022-12-12T06:17:06","guid":{"rendered":"https:\/\/crnaknjiga.com\/?post_type=afere&#038;p=1282"},"modified":"2022-12-12T06:19:49","modified_gmt":"2022-12-12T06:19:49","slug":"fantomska-firma-2018","status":"publish","type":"afere","link":"https:\/\/crnaknjiga.com\/en\/afere\/fantomska-firma-2018\/","title":{"rendered":"Fantomska firma Vanje Udovi\u010di\u0107 (2018)"},"content":{"rendered":"<p class=\"_1qeIAgB0cPwnLhDF9XSiJM\">Ministarstvo omladine i sporta, sa ministrom Vanjom Udovi\u010di\u0107em, prebacuje 143 miliona dinara bud\u017eetskih para na ra\u010dun\u00a0nepostoje\u0107e firme\u00a0&#8222;Evropske Univerzijatske igre 2020&#8220;. Zbog toga u 2019. godini sportisti nisu oti\u0161li na letnju Univerzijadu, a zimsku Univerzijadu su pla\u0107ali iz svog d\u017eepa. Tako\u0111e Srbija je propustila Evropsko sportsko nadmetanje studenata te godine.<\/p>\n<p class=\"_1qeIAgB0cPwnLhDF9XSiJM\"><strong class=\"_12FoOEddL7j_RgMQN0SNeU\">Odgovorni:<\/strong>\u00a0Vanja Udovi\u010di\u0107<\/p>\n<p class=\"_1qeIAgB0cPwnLhDF9XSiJM\"><strong class=\"_12FoOEddL7j_RgMQN0SNeU\">Posledica:<\/strong>\u00a0Do sada nema posledice. Verovatno ne\u0107e biti ministar u narednoj vladi.<\/p>\n<p class=\"_1qeIAgB0cPwnLhDF9XSiJM\"><strong class=\"_12FoOEddL7j_RgMQN0SNeU\">Izvori:<\/strong><\/p>\n<p class=\"_1qeIAgB0cPwnLhDF9XSiJM\">Blic &#8211;\u00a0<a class=\"_3t5uN8xUmg0TOwRCOGQEcU\" href=\"https:\/\/www.blic.rs\/vesti\/drustvo\/dok-cuti-o-aferi-fantomska-firma-vanja-udovicic-smislja-plan-da-sopstvenu-odgovornost\/7j858x7\" target=\"_blank\" rel=\"noopener nofollow ugc\">Dok \u0107uti o aferi fantomska firma, Vanja Udovi\u010di\u0107 smi\u0161lja plan da sopstvenu odgovornost prebaci na vladu<\/a><\/p>","protected":false},"featured_media":0,"template":"","class_list":["post-1282","afere","type-afere","status-publish","hentry"],"acf":[],"_links":{"self":[{"href":"https:\/\/crnaknjiga.com\/en\/wp-json\/wp\/v2\/afere\/1282","targetHints":{"allow":["GET"]}}],"collection":[{"href":"https:\/\/crnaknjiga.com\/en\/wp-json\/wp\/v2\/afere"}],"about":[{"href":"https:\/\/crnaknjiga.com\/en\/wp-json\/wp\/v2\/types\/afere"}],"wp:attachment":[{"href":"https:\/\/crnaknjiga.com\/en\/wp-json\/wp\/v2\/media?parent=1282"}],"curies":[{"name":"wp","href":"https:\/\/api.w.org\/{rel}","templated":true}]}}

Fantomska firma Vanje Udovičić (2018)

<p class="_1qeIAgB0cPwnLhDF9XSiJM">Ministarstvo omladine i sporta, sa ministrom Vanjom Udovičićem, prebacuje 143 miliona dinara budžetskih para na račun nepostojeće firme &#8222;Evropske Univerzijatske igre 2020&#8220;. Zbog toga u 2019. godini sportisti nisu otišli na letnju Univerzijadu, a zimsku Univerzijadu su plaćali iz svog džepa. Takođe Srbija je propustila Evropsko sportsko nadmetanje studenata te godine.</p>
<p class="_1qeIAgB0cPwnLhDF9XSiJM"><strong class="_12FoOEddL7j_RgMQN0SNeU">Odgovorni:</strong> Vanja Udovičić</p>
<p class="_1qeIAgB0cPwnLhDF9XSiJM"><strong class="_12FoOEddL7j_RgMQN0SNeU">Posledica:</strong> Do sada nema posledice. Verovatno neće biti ministar u narednoj vladi.</p>
<p class="_1qeIAgB0cPwnLhDF9XSiJM"><strong class="_12FoOEddL7j_RgMQN0SNeU">Izvori:</strong></p>
<p class="_1qeIAgB0cPwnLhDF9XSiJM">Blic &#8211; <a class="_3t5uN8xUmg0TOwRCOGQEcU" href="https://www.blic.rs/vesti/drustvo/dok-cuti-o-aferi-fantomska-firma-vanja-udovicic-smislja-plan-da-sopstvenu-odgovornost/7j858x7" target="_blank" rel="noopener nofollow ugc">Dok ćuti o aferi fantomska firma, Vanja Udovičić smišlja plan da sopstvenu odgovornost prebaci na vladu</a></p>
